v - n. List the prime factors of f.
2, 3
List the prime factors of 12/((-2)/3*9/(-76)).
2, 19
Let k = 8 - 8. Let a(l) = l**3 - 8*l**2 + 10*l - 9. Let u be a(7). Suppose w + k = u. What are the prime factors of w?
2, 3
Let q(a) = 2 + 32*a**2 - 2*a**3 + 11*a - 43*a**2 + a**3 + 2*a**3. Let t be (6/15)/(2/50). What are the prime factors of q(t)?
2, 3
Let m(c) = 17*c + 267. What are the prime factors of m(0)?
3, 89
Let y(p) = p. Let q(s) = -2*s. Let u(l) = -2*q(l) - 3*y(l). Let t(x) = -3*x - 8. Let d(f) = -t(f) - 4*u(f). List the prime factors of d(5).
3
List the prime factors of (9/18)/((-1)/(-58)).
29
Let z(a) be the second derivative of a**5/20 - 7*a**4/12 - a**3/6 - 5*a**2/2 + 2*a. Let i be z(5). List the prime factors of i/(-27) - (-2)/(-9).
2
Suppose 24*f - 1853 = 7*f. What are the prime factors of f?
109
Suppose 2*v + 5 = -4*i + 1, -v - i = -1. Suppose -5*h + v = -y + 21, 3*y = 2*h + 38. List the prime factors of y.
2, 3
Suppose 13*n - 6*n - 1988 = 0. What are the prime factors of n?
2, 71
Suppose 2*w - 20 = -2*w. Suppose 3*t + 0*t + 4*h = 10, -w*h = -3*t + 1. What are the prime factors of (0 - t)*(-6)/4?
3
Suppose 0*i + 27 = 3*i. Suppose 2*u - i = 49. Suppose -5*j + 80 = d, -2*j = -2*d + 3*d - u. What are the prime factors of j?
17
Suppose -5*r + 2*l + 9 = -l, 0 = -4*r + l + 10. Suppose -5*z + 42 = 4*h, -r*h = 2*h + z - 42. Suppose -h = 5*n - 38. List the prime factors of n.
2, 3
Suppose 40 = 5*u - 5*q, -5*u - 5*q = 3 - 53. Suppose -4*n + u*n = 65. List the prime factors of n - (-3)/(6/(-4)).
11
List the prime factors of 35 - 2*(4 - 2).
31
Let t(p) = p**3 + 8*p**2 + 2. Let q be t(-8). Suppose q*i - 10 = 0, 2*y + 21 = -2*y + 5*i. What are the prime factors of -2*(y + 1)*-1?
2
Let x be (6/(-10))/(9/(-45)). Suppose 0*j = -x*j + 60. What are the prime factors of j?
2, 5
Suppose 2*y - 6 = -5*q + 1, -4*q + 4 = 2*y. Suppose 4*f = -b - 2*b - 11, q*f = -4*b - 10. List the prime factors of (-3)/(-6) + (-11)/f.
2, 3
What are the prime factors of 5 - -201 - (-2)/(-4)*4?
2, 3, 17
Suppose 3 = 6*u - 4*u + w, 0 = -2*u - 5*w - 17. Suppose 3*c - 12 = a, 2*a + c = u*c - 15. What are the prime factors of 2/(-1 + (-5)/a)?
3
Let o be 2*-5*(-6)/4. Suppose -o = -3*m + 45. List the prime factors of m.
2, 5
Let a(g) be the second derivative of -g**5/20 - g**4/6 + g**3/6 + g**2 - 2*g. Let o be a(-3). Let q = -4 + o. List the prime factors of q.
2
Let d(m) = m**3 - 1. Let x(k) = -5*k**3 - 7*k**2 + 9*k - 7. Let o(g) = -4*d(g) - x(g). Let z be o(-8). Let b = z + -9. What are the prime factors of b?
2, 5
Suppose 0 = 5*f - 3*a - 12, 6 = f + 2*a + a. Suppose 12 = f*h + h. Suppose u + 0 - 8 = -3*y, h*u - y = 4. List the prime factors of u.
2
Let t(x) = -124*x**3 - 2*x - 1. What are the prime factors of t(-1)?
5
Suppose -2*z = -6 - 30. Suppose -4*n = -z + 6. Suppose 0 = -i + n*i + 2*s - 18, 0 = 3*i + 4*s - 28. List the prime factors of i.
2
Suppose -3 = -4*w + 2*z + 9, w - z = 5. What are the prime factors of 3/6*w*74?
37
Let x be 4/(-6) + (-100)/(-15). Let d = x + -6. Suppose t - 2*q = q - 12, 2*t + 4*q - 26 = d. What are the prime factors of t?
3
Let x be 5 - (-1)/((-3)/6). Suppose 0 = -5*v - x*t + 121, -2*t + t + 101 = 4*v. List the prime factors of v.
2, 13
Let s(d) be the second derivative of d**4/12 - d**3/6 - 3*d**2/2 + d. Let b be s(4). What are the prime factors of 79/b - 2/(-9)?
3
Let c(m) = m**3 - 5*m**2 + 6*m - 2. List the prime factors of c(5).
2, 7
Let n(r) = 2*r - 3*r + 4 - 2. What are the prime factors of n(-8)?
2, 5
Let m = 122 + -37. What are the prime factors of m?
5, 17
Let s(d) = 3*d + 142. List the prime factors of s(0).
2, 71
Suppose 17*t = 16*t - 3. List the prime factors of ((-32)/(-10))/(t/(-15)).
2
Let k = 0 - -5. Let h = k + 8. What are the prime factors of h?
13
Let i(s) = s**2 + s + 1. Let d be i(-1). Let m = d + -3. List the prime factors of -1*(-1)/(m/(-22)).
11
Let h = -86 - -168. Suppose -4*j + 3*j + h = -4*q, -5*j = 5*q + 90. List the prime factors of 26/5 - (-4)/q.
5
Let y(k) = k - 6*k + 3*k + 4*k. Let g be y(-2). What are the prime factors of (-2 + -2)*3/g?
3
Suppose 3 = -k, 0 = -3*s + 5*k - 18 - 0. Let r(g) = -g + 10. List the prime factors of r(s).
3, 7
Suppose -9*n - 135 = -14*n. What are the prime factors of n?
3
Suppose 4*q = d - 2*d + 6, 0 = -5*d - 10. Let a be 4*(q - -3) + 0. Let p = a - 10. What are the prime factors of p?
2, 5
Suppose p = 5*i - 0*i, 3*p = i + 14. Suppose -2*m - 3*h + 3 = -8, p*m = -2*h + 44. What are the prime factors of m?
2, 5
Let a(w) = 2*w. What are the prime factors of a(3)?
2, 3
Let t(a) be the first derivative of -a**2 + 20. Suppose -5*x + 2 = -2*p, 0 = -3*p + 7*p - 4*x + 4. List the prime factors of t(p).
2
Let z = -31 - -17. Let t = z - -5. Let p = t - -16. What are the prime factors of p?
7
Let z(b) = -17*b + 10. What are the prime factors of z(-4)?
2, 3, 13
Let q = -64 + 190. What are the prime factors of q?
2, 3, 7
Let u be (2 - (-1 - -1))*1. Suppose 4*l = -3*g + 63, u*g + 2*l - 41 = 1. List the prime factors of g.
3, 7
Let w be 5/((-10)/(-8)) + 1. Suppose p = 4 + w. List the prime factors of p.
3
List the prime factors of ((3 + -4)/((-2)/(-82)))/(-1).
41
Suppose -5*x + 160 = -x. What are the prime factors of x?
2, 5
Let q(a) = 3*a**3 - a. Let o be q(1). Suppose -4*l + 10 = i, -5*l + i = o - 19. Suppose 3*s - 9 = l. List the prime factors of s.
2
Let i(k) be the second derivative of k**5/20 + k**4/3 - k**3/3 + 5*k**2/2 - 3*k. What are the prime factors of i(-4)?
13
Suppose p - 1 = 27. What are the prime factors of (-48)/p*(-14)/4?
2, 3
Suppose 2*f - g - 4*g = 21, 2*g = -2*f. Suppose -f = -q + 3. List the prime factors of q.
2, 3
Let g(m) = m**3 - 4*m**2 - 12*m + 9. What are the prime factors of g(6)?
3
Let t = -3 - -5. Let m = t - 1. Let h = 6 + m. List the prime factors of h.
7
What are the prime factors of 0 + (2 - (-1)/(-2)*-2)?
3
Let a = 0 + 5. Suppose -o = -a*c + 4, -4*o - 1 - 15 = -2*c. Suppose 2*b + b - 6 = c. What are the prime factors of b?
2
List the prime factors of (3 - (-27)/(-6))/(2/(-44)).
3, 11
Let g = 82 - 48. List the prime factors of g.
2, 17
Suppose -2*o = -x + 2*x - 76, o + 369 = 5*x. Suppose -5*l - 4*t = -70, 19 = -3*l - 5*t + x. Suppose -z - 5 = -l. List the prime factors of z.
5
Let a(f) be the first derivative of f**4/4 + 4*f**3/3 + 3*f**2/2 - 2. What are the prime factors of a(-2)?
2
Suppose -2*i + i = -f + 7, 4*f - 4 = 0. Let q be ((-8)/12)/((-4)/i). What are the prime factors of q*(-3 + (2 - 4))?
5
Let h(m) = m + 12. Let y be h(-10). Let r = 10 - y. What are the prime factors of r?
2
Let h(r) = r**3 - 16*r**2 - 15*r - 3. List the prime factors of h(17).
31
Let d be (45/20)/((-1)/(-4)). Suppose 6 = 2*h - 0. Suppose -d = h*a - 4*a. What are the prime factors of a?
3
Suppose 2*r - 5*b = 10, 12 = 2*r + 4*b + 2. Let l be -1 + r - (-11 - -10). Suppose 2*o - 3*n = 36, -5*o + 80 = -0*o - l*n. List the prime factors of o.
2, 3
Let v = 159 + -82. List the prime factors of v.
7, 11
Suppose -3*m + 17 = -n, 0 = m + 3*m - 3*n - 31. Suppose l - 2*u = -0*l + 13, 0 = -3*l - m*u + 19. What are the prime factors of l?
3
Suppose -i = 6*i - 525. What are the prime factors of i?
3, 5
Suppose d - 5*n + 21 = 0, -30 = -5*d - 5*n + 15. Suppose -69 = -d*x + 51. What are the prime factors of x?
2, 3, 5
Let w(k) = -k**3 + 12*k**2 - 10*k - 9. Let r be w(11). What are the prime factors of 28/3*3/r?
2, 7
Let d be -1 - -1 - (-20 + 3). Let a = d - 10. Let t = a - -3. What are the prime factors of t?
2, 5
Suppose 0 = -2*u + u - 2, 2*u + 59 = k. List the prime factors of k.
5, 11
Let f be ((-76)/3)/(10/(-15)). Let a = f - 23. What are the prime factors of a?
3, 5
Let h be (-2 + 3)/((-1)/(-3)). Suppose 2*j - 3 = -h*f, 0 = 4*f - 2*j - 2*j - 4. What are the prime factors of 2*f/(6/21)?
7
Let c(b) = b**2 - b - 1. Let g be c(-1). What are the prime factors of ((-60)/25)/(g/(-5))?
2, 3
Let z(a) = 7*a**2 + 13*a + 31. What are the prime factors of z(-5)?
3, 47
Let u be 1806/56 - (-1)/(-4). What are the prime factors of 3 - -1 - u/(-1)?
2, 3
Let i be (-9 + 3)*1/(-3). Suppose 3*w + 4*o - 17 = 0, -4*w - i*o = -5*w + 9. What are the prime factors of w?
7
Let f = 13 + -8. Suppose f*i - 2*i = 21. List the prime factors of i.
7
Let o = 1 + 2. Let d be 0 - (1 + -2*o). Suppose t = 2*l - 2*t - 27, -d*l + 5*t + 55 = 0. Lis